igit of 439162934?
4
What is the billions digit of 1355353591?
1
What is the units digit of 378890322?
2
What is the ten thousands digit of 17937357?
3
What is the millions digit of 98371270?
8
What is the ten millions digit of 108439748?
0
What is the hundred thousands digit of 147378621?
3
What is the hundreds digit of 1088335700?
7
What is the hundred millions digit of 145736011?
1
What is the hundred millions digit of 3395385138?
3
What is the units digit of 183612636?
6
What is the ten thousands digit of 184116370?
1
What is the hundred thousands digit of 1243179847?
1
What is the tens digit of 26042727?
2
What is the tens digit of 336856251?
5
What is the thousands digit of 34775256?
5
What is the units digit of 115725388?
8
What is the billions digit of 1241906952?
1
What is the thousands digit of 324051409?
1
What is the tens digit of 1806474844?
4
What is the hundreds digit of 2215756682?
6
What is the billions digit of 7743469313?
7
What is the hundred thousands digit of 54404212?
4
What is the tens digit of 5494415604?
0
What is the hundred thousands digit of 300856872?
8
What is the thousands digit of 150774336?
4
What is the ten millions digit of 841220510?
4
What is the millions digit of 4527335799?
7
What is the thousands digit of 1287785913?
5
What is the hundreds digit of 88054564?
5
What is the tens digit of 18295219?
1
What is the thousands digit of 147894717?
4
What is the hundred thousands digit of 399734877?
7
What is the hundred thousands digit of 521719755?
7
What is the tens digit of 447948612?
1
What is the units digit of 153361930?
0
What is the hundred thousands digit of 177356430?
3
What is the hundreds digit of 100000008?
0
What is the ten millions digit of 39668326?
3
What is the hundreds digit of 32194510?
5
What is the thousands digit of 933899458?
9
What is the thousands digit of 30598183?
8
What is the tens digit of 15898903?
0
What is the thousands digit of 266584520?
4
What is the thousands digit of 57134044?
4
What is the hundred millions digit of 3516705835?
5
What is the tens digit of 27530503?
0
What is the ten millions digit of 102471500?
0
What is the ten millions digit of 1362316951?
6
What is the millions digit of 128080872?
8
What is the units digit of 4359039141?
1
What is the units digit of 228629758?
8
What is the tens digit of 135143164?
6
What is the tens digit of 2810772?
7
What is the millions digit of 727098783?
7
What is the hundreds digit of 343212050?
0
What is the thousands digit of 49557792?
7
What is the hundred thousands digit of 2719936050?
9
What is the hundred thousands digit of 62814558?
8
What is the units digit of 267352617?
7
What is the tens digit of 10056267?
6
What is the tens digit of 1613326126?
2
What is the millions digit of 24382489?
4
What is the millions digit of 54708083?
4
What is the ten thousands digit of 112641949?
4
What is the thousands digit of 78606081?
6
What is the millions digit of 94427503?
4
What is the units digit of 34997866?
6
What is the thousands digit of 3088515308?
5
What is the millions digit of 4486044185?
6
What is the units digit of 1908286?
6
What is the millions digit of 924400560?
4
What is the hundred millions digit of 632701011?
6
What is the units digit of 77866675?
5
What is the tens digit of 70553410?
1
What is the ten millions digit of 35780264?
3
What is the thousands digit of 2705923?
5
What is the hundred millions digit of 716882945?
7
What is the hundred millions digit of 166903025?
1
What is the ten thousands digit of 7039333?
3
What is the hundreds digit of 99240803?
8
What is the units digit of 5627885510?
0
What is the ten thousands digit of 76548986?
4
What is the tens digit of 256357299?
9
What is the units digit of 15287649?
9
What is the thousands digit of 257675108?
5
What is the ten millions digit of 48844454?
4
What is the ten thousands digit of 93513378?
1
What is the billions digit of 2469407345?
2
What is the ten thousands digit of 424487152?
8
What is the hundreds digit of 7306453?
4
What is the thousands digit of 1419841478?
1
What is the thousands digit of 2172503134?
3
What is the units digit of 36158153?
3
What is the hundreds digit of 140092007?
0
What is the hundred millions digit of 718475387?
7
What is the ten thousands digit of 746974491?
7
What is the hundred thousands digit of 4877039?
8
What is the hundred millions digit of 114377295?
1
What is the ten thousands digit of 34071934?
7
What is the ten millions digit of 1894652351?
9
What is the hundred thousands digit of 98370312?
3
What is the hundred thousands digit of 136031508?
0
What is the tens digit of 1194860?
6
What is the hundred millions digit of 943126902?
9
What is the millions digit of 88958685?
8
What is the units digit of 29875952?
2
What is the hundreds digit of 118432565?
5
What is the tens digit of 80823855?
5
What is the tens digit of 97381095?
9
What is the ten thousands digit of 2903531?
0
What is the ten thousands digit of 145120810?
2
What is the hundreds digit of 311838105?
1
What is the hundreds digit of 3983790104?
1
What is the hundred thousands digit of 1445211443?
2
What is the thousands digit of 147775202?
5
What is the thousands digit of 77275601?
5
What is the ten thousands digit of 22103384?
0
What is the hundred millions digit of 126559480?
1
What is the tens digit of 38712756?
5
What is the hundreds digit of 51782033?
0
What is the tens digit of 17208053?
5
What is the thousands digit of 297573025?
3
What is the thousands digit of 382906668?
6
What is the hundred millions digit of 974450916?
9
What is the hundreds digit of 1118751810?
8
What is the hundreds digit of 2081050?
0
What is the units digit of 638370329?
9
What is the millions digit of 46284064?
6
What is the billions digit of 1092364524?
1
What is the thousands digit of 61524121?
4
What is the thousands digit of 7864524?
4
What is the hundred millions digit of 9005493335?
0
What is the ten millions digit of 1545140055?
4
What is the units digit of 311251516?
6
What is the millions digit of 31872595?
1
What is the hundreds digit of 256256743?
7
What is the tens digit of 33662592?
9
What is the hundreds digit of 70657730?
7
What is the hundred thousands digit of 69091717?
0
What is the tens digit of 65532405?
0
What is the thousands digit of 3568315190?
5
What is the millions digit of 323534591?
3
What is the billions digit of 1254401095?
1
What is the tens digit of 78863992?
9
What is the hundreds digit of 15372384?
3
What is the units digit of 44502212?
2
What is the thousands digit of 28050368?
0
What is the ten thousands digit of 2755703133?
0
What is the hundreds digit of 79756211?
2
What is the ten thousands digit of 100728187?
2
What is the hundred thousands digit of 38559422?
5
What is the thousands digit of 717533675?
3
What is the thousands digit of 8934351057?
1
What is the ten millions digit of 3436165415?
3
What is the hundred millions digit of 243135104?
2
What is the ten thousands digit of 4460641?
6
What is the ten millions digit of 1633008503?
3
What is the ten thousands digit of 375672822?
7
What is the thousands digit of 7080222?
0
What is the thousands digit of 47719767?
9
What is the hundreds digit of 3522693956?
9
What is the ten millions digit of 817599617?
1
What is the ten millions digit of 2493129454?
9
What is the ten thousands digit of 99666758?
6
What is the hundred millions digit of 400501453?
4
What is the hundred thousands digit of 6498931421?
9
What is the millions digit of 287586810?
7
What is the ten thousands digit of 521788622?
8
What is the units digit of 120768983?
3
What is the ten millions digit of 675000055?
7
What is the thousands digit of 86085030?
5
What is the hundreds digit of 6244687?
6
What is the units digit of 58974905?
5
What is the hundred millions digit of 122763106?
1
What is the ten millions digit of 2392085896?
9
What is the hundreds digit of 517817110?
1
What is the ten thousands digit of 384332123?
3
What is the tens digit of 74591783?
8
What is the hundred thousands digit of 882394886?
3
What is the thousands digit of 720401704?
1
What is the hundred thousands digit of 6253372176?
3
What is the tens digit of 548267413?
1
What is the hundred thousands digit of 3117655?
1
What is the millions digit o